mmon factor of 462096 and 2421.
9
What is the greatest common factor of 261 and 5171077?
29
What is the highest common factor of 567962 and 50659741?
12347
Calculate the highest common divisor of 1620 and 13064490.
810
What is the highest common divisor of 10148365 and 74765?
3935
Calculate the highest common factor of 3780817041 and 501.
501
What is the greatest common divisor of 2900 and 6855880?
20
Calculate the highest common divisor of 32300915 and 310.
155
Calculate the highest common divisor of 6 and 86780634.
6
What is the greatest common divisor of 5789506 and 18?
2
Calculate the greatest common divisor of 489786 and 99220.
902
What is the greatest common divisor of 28126 and 13485556?
574
Calculate the highest common factor of 7446 and 27505743.
219
Calculate the highest common factor of 19346000 and 2380.
340
Calculate the greatest common factor of 41679 and 120096.
9
Calculate the highest common divisor of 516 and 72230196.
516
What is the highest common divisor of 1531939 and 287702?
1483
Calculate the greatest common factor of 183976 and 444019.
1769
What is the greatest common divisor of 168 and 12791163?
21
What is the highest common divisor of 88 and 3309350?
22
What is the highest common factor of 277417140 and 840?
420
What is the greatest common factor of 10570 and 20366276?
2114
What is the highest common factor of 25590 and 141645768?
5118
What is the highest common divisor of 2752563 and 34655?
239
What is the highest common divisor of 214 and 3511274978?
214
What is the highest common factor of 876576 and 366528?
2208
Calculate the greatest common factor of 4682563 and 8272.
47
Calculate the greatest common divisor of 1166 and 180640218.
1166
What is the highest common divisor of 3674606 and 10270?
2054
What is the greatest common factor of 416592297 and 561?
33
Calculate the greatest common factor of 129 and 168406361.
43
What is the greatest common factor of 3733564 and 94272?
1964
Calculate the greatest common divisor of 324 and 308419416.
36
Calculate the greatest common divisor of 22655804 and 106.
106
Calculate the highest common divisor of 10 and 2325965.
5
What is the highest common divisor of 7 and 119732900?
7
What is the greatest common divisor of 216677218 and 6196?
3098
Calculate the greatest common divisor of 55 and 288170575.
55
What is the highest common factor of 4588 and 369272?
124
Calculate the highest common divisor of 6640016 and 24372.
2708
Calculate the highest common divisor of 31667333 and 6589.
599
What is the highest common divisor of 9747133 and 11473?
1639
What is the highest common divisor of 25501200 and 17064?
1896
What is the greatest common divisor of 9336 and 48008046?
2334
Calculate the greatest common divisor of 1088 and 917568.
64
Calculate the highest common factor of 18257941 and 41449.
229
What is the highest common factor of 151885 and 35?
5
Calculate the highest common factor of 16284 and 463699113.
4071
What is the highest common divisor of 9053 and 133424760?
823
What is the highest common divisor of 849 and 391781521?
283
What is the highest common divisor of 325465 and 60690?
595
What is the highest common divisor of 1769 and 35169083?
29
Calculate the highest common factor of 153 and 1652187636.
153
Calculate the greatest common factor of 302611201 and 2378.
1189
Calculate the greatest common divisor of 310 and 19268608.
62
Calculate the highest common divisor of 141331362 and 66.
6
What is the greatest common divisor of 11951430 and 186?
186
What is the greatest common factor of 4493957 and 15353?
13
Calculate the greatest common divisor of 1944060 and 180.
60
Calculate the greatest common factor of 63 and 25560969.
21
What is the highest common divisor of 2076 and 20168859?
519
What is the greatest common divisor of 6819132 and 62?
62
Calculate the highest common divisor of 64513749 and 6.
3
What is the highest common divisor of 8426 and 33143671?
4213
Calculate the greatest common divisor of 97345250 and 2250.
250
Calculate the greatest common factor of 110 and 469095000.
110
What is the highest common factor of 13559 and 2141279?
1043
Calculate the highest common factor of 35231148 and 36.
36
Calculate the highest common divisor of 126 and 13675599.
63
What is the greatest common factor of 76 and 109064636?
76
Calculate the greatest common divisor of 53847 and 19485.
9
What is the greatest common divisor of 30256473 and 156?
39
Calculate the greatest common divisor of 55740741 and 474.
237
What is the greatest common factor of 2 and 91487398?
2
What is the highest common divisor of 933 and 47906751?
933
What is the highest common factor of 830742 and 16038?
66
Calculate the greatest common divisor of 3730 and 8624879.
373
Calculate the greatest common divisor of 30613533 and 15.
3
Calculate the greatest common divisor of 23871322 and 18948.
3158
What is the highest common divisor of 1076 and 378497257?
269
Calculate the highest common factor of 1317 and 72381003.
1317
Calculate the highest common factor of 33165 and 1538253.
603
What is the greatest common factor of 11872322 and 462?
154
What is the greatest common factor of 6765 and 343461305?
2255
Calculate the greatest common factor of 91889594 and 502.
502
Calculate the greatest common divisor of 6127 and 12755300.
557
What is the greatest common divisor of 130872 and 8880144?
3192
Calculate the highest common divisor of 805 and 2538740.
115
Calculate the highest common divisor of 410 and 22592650.
10
Calculate the highest common divisor of 12294 and 33669168.
4098
Calculate the highest common divisor of 50743 and 113575.
77
Calculate the highest common factor of 426 and 455076630.
426
What is the highest common factor of 11325174 and 335683?
5503
What is the highest common factor of 33520 and 52960?
80
Calculate the greatest common divisor of 66266 and 1224.
34
What is the greatest common factor of 3860 and 1108592?
772
What is the highest common divisor of 15224 and 697862?
22
What is the highest common divisor of 3123 and 41422431?
1041
Calculate the greatest common divisor of 11213 and 3701.
1
What is the highest common divisor of 199004 and 2418?
26
Calculate the highest common factor of 8471476 and 2872844.
5252
What is the highest common divisor of 255937 and 1331?
11
Calculate the greatest common factor of 4756 and 48052.
164
Calculate the greatest common divisor of 40077 and 376169.
73
Calculate the highest common divisor of 36544 and 9368.
8
Calculate the greatest common divisor of 48577595 and 935.
55
What is the greatest common divisor of 1370182 and 1067561?
671
What is the highest common factor of 609512 and 7?
1
What is the highest common factor of 14042415 and 145?
5
Calculate the highest common divisor of 780 and 19161960.
60
What is the highest common factor of 3721949700 and 1172?
1172
What is the greatest common divisor of 398183 and 722?
361
Calculate the greatest common divisor of 2457 and 1865052.
189
What is the greatest common divisor of 123393521 and 696?
29
What is the highest common divisor of 1359 and 672489?
9
What is the highest common factor of 491589085 and 3315?
1105
Calculate the greatest common divisor of 12428 and 8393164.
52
Calculate the highest common factor of 595 and 31091.
1
What is the highest common factor of 257 and 64439923?
257
Calculate the greatest common factor of 2851748 and 20076.
956
Calculate the greatest common divisor of 14895 and 175561407.
2979
What is the greatest common factor of 20201 and 723?
1
Calculate the highest common divisor of 1592 and 28878283.
199
Calculate the greatest common factor of 1389 and 173388.
3
Calculate the highest common factor of 963981 and 1015552.
3967
What is the greatest common factor of 2291 and 265598?
79
What is the highest common divisor of 57 and 202038?
3
What is the highest common divisor of 39 and 9872837?
13
Calculate the highest common factor of 4547440 and 204.
4
Calculate the highest common divisor of 63279 and 12519.
9
What is the highest common factor of 8346 and 61674158?
2782
Calculate the highest common divisor of 10505 and 25608707.
191
Calculate the highest common factor of 2040 and 1111290.
510
What is the greatest common divisor of 280050 and 16200?
150
Calculate the greatest common factor of 167606 